00111
In base 2, what is -10010011101111101100111 + -100?
-10010011101111101101011
In base 2, what is -11 - 10000010100000111100100101?
-10000010100000111100101000
In base 11, what is -2925 + 892a?
6005
In base 11, what is -4a + 3265037?
3264a98
In base 9, what is -2 + 881513413?
881513411
In base 2, what is 110011110111111101011100 + -110?
110011110111111101010110
In base 8, what is 1100516 + 536?
1101254
In base 15, what is -3382d - 1ca1?
-355ce
In base 13, what is -1736 - -2015?
5ac
In base 6, what is -1305 - -2210412?
2205103
In base 13, what is -1720c - 34?
-17243
In base 10, what is 2 - -969366?
969368
In base 15, what is 149698 + -28?
149670
In base 5, what is -13 - 10233301141?
-10233301204
In base 4, what is 101031113021 + -230?
101031112131
In base 12, what is 22619a0 - 0?
22619a0
In base 4, what is -32223 + 111310032?
111211203
In base 8, what is -5374301 + -46?
-5374347
In base 8, what is 25173374 + -101?
25173273
In base 9, what is 6 + -621750?
-621743
In base 14, what is 446b85 - -5?
446b8a
In base 13, what is -9c0c - -1167b?
476c
In base 16, what is 5b08c - b3?
5afd9
In base 8, what is 4644 + -633654?
-627010
In base 14, what is 104b6b - 3c?
104b2d
In base 7, what is 14220366 - 110?
14220256
In base 9, what is 3 - -1275231?
1275234
In base 8, what is 6350666 - 0?
6350666
In base 6, what is -1 + -3452234343?
-3452234344
In base 12, what is b51b57 - -98?
b52033
In base 13, what is -2 + 636426b?
6364269
In base 12, what is -1a624aa + -b?
-1a624b9
In base 16, what is -231e - -12bf?
-105f
In base 7, what is 1514 + -31121450?
-31116633
In base 5, what is 22121030 + -1120?
22114410
In base 13, what is -9a07 - -1c8?
-980c
In base 8, what is 414663645 - 5?
414663640
In base 6, what is -4 - -110405555?
110405551
In base 14, what is -10c487a - -22?
-10c4858
In base 7, what is -251201215 - -31?
-251201154
In base 12, what is 8 - -6550004?
6550010
In base 3, what is -100200211 + -201102?
-101102020
In base 3, what is 21 + 1022100022210111?
1022100022210202
In base 13, what is -26093 + -403?
-26496
In base 2, what is 1100011101101 - -1000100110000?
10101000011101
In base 8, what is -2211445 + 177?
-2211246
In base 10, what is 90399585 + 2?
90399587
In base 5, what is 1 + 1133240422?
1133240423
In base 11, what is 23 + -265a29?
-265a06
In base 15, what is -d1c + -270?
-108c
In base 15, what is -38d95 - 1e?
-38db4
In base 3, what is -2020 - 102121201012?
-102121210102
In base 10, what is 113881826 - 5?
113881821
In base 10, what is -178678952 - -2?
-178678950
In base 6, what is 0 - -550135400?
550135400
In base 9, what is 11424051 + 2?
11424053
In base 6, what is 1 - 245122345?
-245122344
In base 9, what is 75456661 - 3?
75456657
In base 3, what is -220111122011 + 20221?
-220111101020
In base 16, what is 9 - -10d1bb?
10d1c4
In base 2, what is -101011101 - -1010110010001100?
1010101100101111
In base 9, what is -1287 - 2334?
-3632
In base 14, what is -43b79254 - -1?
-43b79253
In base 15, what is -5 + -2eca3c?
-2eca42
In base 8, what is -1025504 + -301?
-1026005
In base 5, what is -114 - -11234221?
11234102
In base 12, what is -b153 - 9587?
-1871a
In base 13, what is 4 - 232762a?
-2327626
In base 16, what is 4527c + -be?
451be
In base 9, what is 3 + -723342547?
-723342544
In base 4, what is -1 + -12221133021333?
-12221133022000
In base 2, what is -1011100001 + 1001000000011?
111100100010
In base 2, what is 1010 - -10100110010100010010?
10100110010100011100
In base 2, what is -111001101010010 - 10011000?
-111001111101010
In base 3, what is -210101010 - 211001?
-211012011
In base 5, what is -43424 - 12230?
-111204
In base 10, what is -2606357 - 186?
-2606543
In base 14, what is -7 - -4989931?
4989928
In base 8, what is -24602627 - -21?
-24602606
In base 8, what is 270 + -642637?
-642347
In base 4, what is -1 + -231103103111?
-231103103112
In base 14, what is -2867cb8 - 2?
-2867cba
In base 6, what is -1000 - 15010?
-20010
In base 4, what is -1 - 312110310300?
-312110310301
In base 7, what is -5251023 + -245?
-5251301
In base 13, what is -2 - -19a9b85?
19a9b83
In base 10, what is -14728 + -32?
-14760
In base 16, what is 2 - -221c2d?
221c2f
In base 6, what is -203 + -11124004?
-11124211
In base 12, what is 103bb2 + -5b?
103b53
In base 8, what is -121 - -60455717?
60455576
In base 13, what is 3a - -690142a?
6901467
In base 13, what is -9 + -388448?
-388454
In base 2, what is 11010011110111010100 - -10101001?
11010011111001111101
In base 11, what is -2a7 - 9445?
-9741
In base 2, what is -10 - -100001110010010100110111?
100001110010010100110101
In base 10, what is -6450 - -425?
-6025
In base 4, what is -201020 - -10301210?
10100130
In base 2, what is 110011100111101 + -10101110?
110011010001111
In base 9, what is -3 + -12444415?
-12444418
In base 11, what is 206898 - 33?
206865
In base 4, what is 1130310220310 - 101?
1130310220203
In base 3, what is 110002111221 + 112012?
110010001010
In base 13, what is 1 - 206b70c?
-206b70b
In base 5, what is -31310 - -13102?
-13203
In base 16, what is 6d + 88e8?
8955
In base 16, what is 18 + -1c3105?
-1c30ed
In base 16, what is 0 + 4987831?
4987831
In base 10, what is 2 - -1714631?
1714633
In base 15, what is a2826 + 12d?
a2954
In base 11, what is 3 + -3858295?
-3858292
In base 15, what is -eb7 + -131c?
-22d4
In base 10, what is -4523 + -3519?
-8042
In base 7, what is 51 + 1351431?
1351512
In base 12, what is -9 + -94798b?
-947998
In base 8, what is -3332360 + -26?
-3332406
In base 5, what is -44444221020 - 4?
-44444221024
In base 15, what is -1a2b5 - a95?
-1ad5a
In base 10, what is 15160 - 12066?
3094
In base 5, what is -314431 - -13031?
-301400
In base 4, what is -213132113302312 + -11?
-213132113302323
In base 8, what is -3055614 + -124?
-3055740
In base 13, what is 12b7 - 1011a?
-bb33
In base 14, what is bb4379 - 0?
bb4379
In base 9, what is -2 + -715556?
-715558
In base 9, what is 722 + -514?
207
In base 7, what is 3244605 - 163?
3244412
In base 2, what is -10011 + -100000111110100101010?
-100000111110100111101
In base 11, what is 2372747 + 3?
237274a
In base 14, what is -3271c20 - 3c?
-3271c5c
In base 9, what is 3 + 7882121?
7882124
In base 13, what is -420a6 - ca?
-421a3
In base 16, what is 1 - -34a0eb?
34a0ec
In base 5, what is 401320 + 1402220?
2304040
In base 9, what is 3 + -2871712?
-2871708
In base 7, what is 5665412 + -3344?
5662035
In base 11, what is -3 - 2310503?
-2310506
In base 4, what is 1 - 101230223320?
-101230223313
In base 7, what is -1063165 + -3155?
-1066353
In base 16, what is 3 - b102d38?
-b102d35
In base 13, what is -1cbb1a - 1c?
-1cbb39
In base 11, what is 96450 - -3645?
99a95
In base 8, what is 17704011 + -155?
17703634
In base 5, what is -4 - 310434213144?
-310434213203
In base 4, what is -32 - -23323222003?
23323221311
In base 13, what is 22 - 29467?
-29445
In base 4, what is -13232122 - 130322?
-20023110
In base 12, what is -b302 - 8472?
-17774
In base 12, what is -2742 - -709?
-2035
In base 4, what is 10133122 + 103?
10133231
In base 4, what is -12223223 - -300?
-12222323
In base 5, what is 2222 - 233102?
-230330
In base 15, what is 13 - 2c817e?
-2c816b
In base 10, what is 37 - -104731?
104768
In base 10, what is -245 + 1358262?
1358017
In base 16, what is -cc - bb524?
-bb5f0
In base 7, what is 0 - 1433320356?
-1433320356
In base 9, what is 2 - -55032087?
55032100
In base 7, what is 401460306 + 41?
401460350
In base 12, what is 34a5a1 - 218?
34a385
In base 8, what is 4 + -402551575?
-402551571
In base 4, what is -13 + 20001212?
20001133
In base 14, what is -1b6 - -ba?
-da
In base 5, what is -2 - 113312434211?
-113312434213
In base 10, what is -145 + 1613414?
1613269
In base 12, what is -1aaa675 + 5?
-1aaa670
In base 2, what is -10100100001 + -10010111111001010100?
-10011000001101110101
In base 4, what is 1321231023 + -132?
1321230231
In base 10, what is -49 + -7365770?
-7365819
In base 15, what is 39224 - -382?
395a6
In base 3, what is 12000 - -220122202?
220211202
In base 3, what is 12012111 - -2012111210?
2101201021
In base 13, what is -26501 + 1603?
-24bcb
In base 15, what is 8 - 22d72aa?
-22d72a2
In base 4, what is -221102213321 - 10?
-221102213331
In base 7, what is -42 + 255345?
255303
In base 8, what is 637025 + -34?
636771
In base 10, what is 156 + 2090084?
2090240
In base